{"id":17,"date":"2020-01-08T21:01:22","date_gmt":"2020-01-08T21:01:22","guid":{"rendered":"https:\/\/medionik-chur.ch\/wp1\/?page_id=17"},"modified":"2020-01-08T21:01:22","modified_gmt":"2020-01-08T21:01:22","slug":"philosophie","status":"publish","type":"page","link":"https:\/\/medionik-chur.ch\/wp1\/philosophie\/","title":{"rendered":"Philosophie"},"content":{"rendered":"\n<p>Die Lebens- oder Bioenergie spielt haupts\u00e4chlich bei der Entstehung und Aufrechterhaltung der Lebensfunktionen von Organismen eine grosse Rolle. Vor allem findet ihre Heilwirkung immer wieder besondere Erw\u00e4hnung.<\/p>\n\n\n\n<p>Durch Stress, Umweltbelastung, falsche Ern\u00e4hrung, einschneidende Erlebnisse usw. kann dieses Energiefeld geschw\u00e4cht werden. Es h\u00e4lt den Belastungen auf Dauer nicht stand und der Organismus ger\u00e4t deshalb h\u00e4ufig aus dem Gleichgewicht. Mit Hilfe eines computergest\u00fctzten Radionik- Systems k\u00f6nnen Informationen aus dem Energiefeld gelesen und gezielt \u00fcbertragen werden. Der Energiefluss und die energetische Ladung eines Organismus werden durch radionische Besendung angeregt und wieder in Gang gesetzt.<br>Die Radionik stellt das gesunde Energiefeld wieder her und korrigiert dabei ein physisches oder emotionales Ungleichgewicht. Wir selbst k\u00f6nnen diese feinstofflichen Vorg\u00e4nge mit unseren Sinnen nicht erfassen. Mit der computergest\u00fctzten Radionik \/ Medionik haben wir ein Werkzeug, das die Informationen aus diesen feinstofflichen Feldern erkennbar machen kann.<\/p>\n\n\n\n<p>Mit Medionik-Ger\u00e4ten k\u00f6nnen energetische Sendungen auch auf Magnetkarten, Globuli etc. aufgeschwungen werden.<\/p>\n\n\n\n<p>Eine effiziente Erg\u00e4nzung zur radionischen Behandlung bietet die Medionik Aura-Chakra Therapie.<\/p>\n\n\n\n<p>Hinweis: Behandlungen mit energetischen Methoden ersetzen nicht den Besuch beim Arzt, Heilpraktiker oder Therapeuten.<\/p>\n","protected":false},"excerpt":{"rendered":"<p>Die Lebens- oder Bioenergie spielt haupts\u00e4chlich bei der Entstehung und Aufrechterhaltung der Lebensfunktionen von Organismen eine grosse Rolle. Vor allem findet ihre Heilwirkung immer wieder besondere Erw\u00e4hnung. Durch Stress, Umweltbelastung, falsche Ern\u00e4hrung, einschneidende Erlebnisse usw. kann dieses Energiefeld geschw\u00e4cht werden. Es h\u00e4lt den Belastungen auf Dauer nicht stand und der Organismus ger\u00e4t deshalb h\u00e4ufig aus &hellip; <\/p>\n<p class=\"link-more\"><a href=\"https:\/\/medionik-chur.ch\/wp1\/philosophie\/\" class=\"more-link\"><span class=\"screen-reader-text\">\u201ePhilosophie\u201c<\/span> weiterlesen<\/a><\/p>\n","protected":false},"author":1,"featured_media":0,"parent":0,"menu_order":0,"comment_status":"closed","ping_status":"closed","template":"","meta":{"footnotes":""},"class_list":["post-17","page","type-page","status-publish","hentry"],"_links":{"self":[{"href":"https:\/\/medionik-chur.ch\/wp1\/wp-json\/wp\/v2\/pages\/17","targetHints":{"allow":["GET"]}}],"collection":[{"href":"https:\/\/medionik-chur.ch\/wp1\/wp-json\/wp\/v2\/pages"}],"about":[{"href":"https:\/\/medionik-chur.ch\/wp1\/wp-json\/wp\/v2\/types\/page"}],"author":[{"embeddable":true,"href":"https:\/\/medionik-chur.ch\/wp1\/wp-json\/wp\/v2\/users\/1"}],"replies":[{"embeddable":true,"href":"https:\/\/medionik-chur.ch\/wp1\/wp-json\/wp\/v2\/comments?post=17"}],"version-history":[{"count":1,"href":"https:\/\/medionik-chur.ch\/wp1\/wp-json\/wp\/v2\/pages\/17\/revisions"}],"predecessor-version":[{"id":18,"href":"https:\/\/medionik-chur.ch\/wp1\/wp-json\/wp\/v2\/pages\/17\/revisions\/18"}],"wp:attachment":[{"href":"https:\/\/medionik-chur.ch\/wp1\/wp-json\/wp\/v2\/media?parent=17"}],"curies":[{"name":"wp","href":"https:\/\/api.w.org\/{rel}","templated":true}]}}